ve of -q**5/60 + 3*q**4/8 + q**3 - 20*q**2 - 3*q. What is a(5)?
26
Let c(k) be the first derivative of 3*k - 5/3*k**3 - 7 + 1/4*k**4 + 0*k**2. Give c(5).
3
Let s(r) = r**3 + 5*r**2 - r - 1. Let w(x) = -3*x**3 - 13*x**2 - 7*x - 8. Let l(a) = -4*s(a) - w(a). What is l(-8)?
-12
Let c(a) = -a**3 - 880 - a**2 + 1756 - 880. Determine c(0).
-4
Let u(v) = 5*v**2 + v - 7. Let w(a) = 6*a**2 + a - 7. Let t(q) = 5*u(q) - 4*w(q). Let f be (-74)/(-6) + 6/(-18). Let l be (-2)/3 - (-8)/f. Give t(l).
-7
Suppose 13*c = 138 - 8. Let b(x) = 6*x**2 + 34*x + 65. Let t(g) = -g**2 - 7*g - 13. Let a(d) = -2*b(d) - 11*t(d). Give a(c).
3
Let t(m) be the third derivative of -m**4/24 - 4*m**3/3 - m**2. Let u = 2 - 0. Suppose -w - 38 = 4*n + u*w, -3*w = -n - 2. Calculate t(n).
0
Let g(q) = -q**2 + 6*q - 8. Let m be g(5). Let k(y) = 2*y + 2. Let l(z) = 1. Let o(d) = m*l(d) + k(d). Let i(b) = b**2 + 4*b - 4. Let u be i(-4). What is o(u)?
-9
Let p(b) = -b**3 + 6*b**2 - 6*b - 4. Let k be 6/(-33) + (-57)/(-11). Suppose a + 3*h - h = 11, 35 = 4*a + k*h. Give p(a).
-9
Let q(z) = z**2 + 3*z - 2. Let i be q(-5). Let y(w) = -w + 5. Let k be y(i). Let h(a) = -a + 1. Give h(k).
4
Let t be 21/(5 - 8)*1. Let v(h) = h**3 - 2*h**2 + 2*h. Let y be v(2). Let d(i) = 3*i - 2. Let q(x) = -2*x + 3. Let j(b) = y*q(b) + 3*d(b). Calculate j(t).
-1
Let q(y) = y**2 - 5*y + 3. Let a be q(5). Let g(i) = -i + 13. Let t be g(11). Let r(x) = x**2 - 5*x - 6*x + t + 2*x + 4*x. What is r(a)?
-4
Let m(l) = -2*l**3 + 12*l**2 + 12*l + 8. Let t be 5/(-15) + (-38)/(-6). Let a(w) = -7*w + 0 + 2*w + t*w + 1 + w**2. Let x(s) = 10*a(s) - m(s). Give x(2).
6
Let s(y) = 0*y**3 + 16*y + 15 + 12 + 8*y**2 + y**3 - 31 + 9*y**2. What is s(-16)?
-4
Let n(u) = -u**3 + u + 2. Let i be 56*(2/(-4) + 1). Suppose -3*g - 2*p + 9 = 25, 2*p + i = -5*g. Let t be 5/3 - 2/g. Give n(t).
-4
Let y(o) = -2*o**3 + 4*o**2 + 4*o - 5. Let a be y(3). Let c(q) = -q - 7. Calculate c(a).
4
Let a(z) = z**2 - 4*z + 2. Suppose 0 = 2*f + 6, 7*f - 2*f + 24 = 3*o. Give a(o).
-1
Let x be 3/18 - (-15)/18. Let o(r) be the third derivative of -13*r**2 + 0*r**3 + 1/2*r**4 + 0 + 0*r. Give o(x).
12
Let g(h) = -2*h**2 - 1. Let x(d) = d**3 + 19*d**2 - 40*d + 44. Let l be x(-21). Give g(l).
-9
Let r(g) = 5*g**2 + 118*g + 74. Let x be r(-23). Let p(j) = -j**3 + 3*j**2 + 14*j - 24. Give p(x).
-4
Let v(x) be the third derivative of -x**5/60 - x**4/4 - 5*x**3/6 - 16*x**2. What is v(-5)?
0
Let b(f) = -5*f - 5. Suppose 0 = 4*w + 3*r - 20, -3*w - r + 6*r = -15. Let a = w - 5. Suppose a*i + 3*i = 9, -11 = -n - 5*i. What is b(n)?
15
Let j(q) = -q - 4. Let a(w) = w + 8. Let d be a(-4). Let u be (d/5)/(2/(-15)). Give j(u).
2
Suppose -31 = 3*q - 4*h, q + 8*h = 11*h - 17. Let j(p) = -p**3 - 3*p**2 - 3*p - 5. Give j(q).
60
Let m = 20 - 15. Suppose -o - m*a = 3, 5*o = -0*o - 4*a + 6. Let y(h) = -h**2 + 2*h**2 + 6*h - 1 - o + 2. Give y(-4).
-9
Let o(z) = 11*z**2 - 3 + z - 9*z**2 + 1 + 1 + 0*z. Determine o(-2).
5
Let d(c) = 4*c - 1. Let l(a) = a**2 - a - 1. Let s(v) = v**3 - 9*v**2 + 2*v - 2. Let w(k) = -2*l(k) - s(k). Let t be w(7). What is d(t)?
15
Let h = 261 - 268. Let b(p) = p + 16. Give b(h).
9
Let a(z) = z**2 - 9. Let s be a(-2). Let g(o) be the second derivative of 0 - 2*o**2 - 1/3*o**3 + o. Calculate g(s).
6
Let r(j) = 0*j + 5 + 0 - j - 7*j. Give r(-2).
21
Let b(k) = 2*k - 6. Let t be b(5). Suppose 2*c = -2*o - 2, -t*o + 4 = -4*c - 8. Let z(q) = 3 - 3*q + 1 + q - 3 + 14*q**2. Determine z(o).
13
Let l(w) = -w**2 - 13*w - 10. Suppose 11 = 3*m + 47. Give l(m).
2
Suppose 3*p + 119 = 14. Let w = 35 + p. Let u(a) = -a**2 + a - 15. Give u(w).
-15
Let p(t) = 25 + t**3 + 30 - 13*t**2 - 62 + 15*t. Determine p(12).
29
Let u be (-10)/40 - (-9)/4. Let a = 17 + -9. Let s(j) = -5*j + j - 6 + u*j + a. Determine s(3).
-4
Let m(a) be the first derivative of a**2 + 4*a - 14. Determine m(-5).
-6
Let w(l) be the first derivative of -3*l**2/2 - 4*l + 217. Give w(-2).
2
Let d(t) = 2*t**2 - 2*t - 4. Suppose 34 - 9 = 5*q. Let z be ((-6)/q)/((-1)/10). Let x = z + -9. What is d(x)?
8
Let r(s) = -s**2 - s + 6. Let l(d) = -d**2 - 6*d + 22. Let u be ((70/(-6))/(-5) - 2)*9. Let z be l(u). What is r(z)?
-14
Let x(y) = -y**2 + 3*y + 1. Let i be (9/1)/((42/4)/7). Let h be (-12)/10*(-20)/i. Determine x(h).
-3
Let l be 69*(-1 + 8/6). Let u(q) = q**3 - 18*q - l*q + 4 + 40*q. Determine u(0).
4
Let s(v) = v + 4. Let a(q) = -q**3 - 8*q**2 - 2*q - 12. Let h be a(-8). Suppose 0 = -h*n - 13 - 7. Give s(n).
-1
Suppose -x + 4 = -5*k, 4 = -6*x + x + k. Let b(c) = -c + 5. Let v(j) = j - 6. Let m(a) = -6*b(a) - 5*v(a). What is m(x)?
-1
Let f = -8 + 9. Let u(c) = -7*c - 17. Let k(w) = -4*w - 9. Let g(t) = -5*k(t) + 2*u(t). Let i(v) = -4*v - 7. Let o(m) = 5*g(m) + 8*i(m). Determine o(f).
-3
Suppose 10*h - 12*h + 20 = n, 12 = 3*n. Let k(f) = f**2 - 5*f - 16. Give k(h).
8
Let n(v) = -16 - 14*v + 14 - 7*v + 25*v. Calculate n(-1).
-6
Let l(m) = -m - 6. Let k be l(-8). Let v(f) be the second derivative of 1/3*f**3 + 0 + 4*f + f**2. Give v(k).
6
Let z(k) = 175*k - 6*k**2 + 0*k**3 - 170*k + k**3 + 3. Give z(5).
3
Let k(z) = -5*z - 33. Let x be k(0). Let y = 35 + x. Let q(s) = 3*s - 1. Calculate q(y).
5
Let b = -303 - -301. Let s(g) be the third derivative of -g**4/8 - g**3/2 - 7*g**2. Calculate s(b).
3
Suppose 3*t + 2 = -5*a - 0, 4*t - 40 = 4*a. Let i(c) = 15*c + 12. Let m(g) = 7*g + 6. Let l(k) = t*i(k) - 13*m(k). What is l(-6)?
0
Let r(g) be the first derivative of -7*g**2/2 + 21*g - 122. Give r(4).
-7
Suppose -3*d + 2*w = -24, -5*d + 23 + 1 = 2*w. Let o(r) = -r**3 + 5*r**2 + 4*r - 5. What is o(d)?
-17
Let z = -43 - -45. Let d(u) = 27 - 63 - u**z + 30. Give d(0).
-6
Let t(l) = l**3 - 6*l**2 + 4*l + 5. Suppose 47 = 7*r + 5. Calculate t(r).
29
Let d(r) = r**3 + 6*r**2 + 3*r + 5. Suppose 12 = -4*g + 2*g. Calculate d(g).
-13
Let w(r) = r**3 - 5*r**2 - 7*r + 8. Let v be w(6). Let p(u) = u**2 + u - 25. Let a be p(-6). Let q(i) = 0*i - a - 4*i + i**v + 3*i. Determine q(0).
-5
Suppose -h = 4*u - 2*h - 25, 5*h + 5 = 0. Suppose u*j = 10*j + 12. Let v(a) = -a**3 - 2*a**2 + a - 4. Calculate v(j).
2
Let y(n) = -1 + 4*n**2 + 0 + n**2. Let g = -135 - -137. Let t be (0 - g)*3/6. What is y(t)?
4
Let z(g) = 6*g - 14. Let y = -1035 - -1041. Calculate z(y).
22
Let b be 4/(24/2)*12. Let p(h) = -3 - 7 + b*h - h + 4. Determine p(6).
12
Let u(p) = -2*p + 351 - 2*p - 183 - 175. What is u(0)?
-7
Let z(x) = -18*x + 32*x + 9 - 13*x. Let p(t) = -t + 0 + 0*t + 2. Let y be p(9). Calculate z(y).
2
Let o = 13 - 11. Suppose -9 + 3 = -o*l. Let m(s) = -s - 3. What is m(l)?
-6
Let n(q) = -12*q**2 + 7 - 11*q - 36*q**3 + 0 - 34*q**3 - 2 + 69*q**3. Calculate n(-11).
5
Let f(r) = -2*r - 4. Let a(h) = h + 3. Suppose -y + 39 - 15 = 5*i, 0 = -3*i + 5*y + 20. Let x(w) = i*f(w) + 7*a(w). Determine x(2).
-5
Let x(p) be the third derivative of p**5/60 + p**4/2 + 7*p**3/6 - p**2 - 23. Calculate x(-12).
7
Let r(d) = d - 5. Let i(x) = 2*x - 6. Let s be i(-3). Determine r(s).
-17
Let k(z) = -199 + 2*z**2 - 10*z + 191 + 3*z. Determine k(4).
-4
Suppose -3*w + 147 = 4*u, -2*w + 2*u + 49 = -w. Let i = -57 + w. Let n(x) = -x + 8. Calculate n(i).
16
Let a(o) = o - 1. Let m(p) = 2*p - 15. Let i(n) = 3*a(n) - m(n). Let b = 0 + 0. Suppose -4*c - 13 - 7 = b. Give i(c).
7
Suppose -q = -8*q + 616. Let v = q - 91. Let i(x) = -2*x**3 + 3*x**2 - 4*x. Let t(l) = l**3 - 3*l**2 + 3*l. Let h(b) = 2*i(b) + 3*t(b). Determine h(v).
-3
Let t be (3/3 - 3)*(3 - 7). Let n(a) = 4 + a + 12*a**3 + 6*a**2 - t*a**3 - 3*a**3. Calculate n(-6).
-2
Let l = 13 - 7. Let t(v) = -2*v + 2. Let f(z) = -z + 1. Let k(j) = l*t(j) - 13*f(j). Give k(-3).
-4
Let m(r) = -7 - 12 - 4*r + 23 + 3*r. Give m(1).
3
Let g(d) = -d**3 + 16*d**2 + d - 14. Let x be g(16). Let q(u) = -14*u**2 + 4*u + u**3 + 4*u**x - 3*u - 4. Give q(10).
6
Let d(s) = 5*s**2 + 5*s + 7. Let f(y) = 6*y**2 + 5*y + 8. Suppose 2 = -2*w - 0*b + 5*b, 2*w + 5*b + 22 = 0. Let v(i) = w*f(i) + 7*d(i). Calculate v(5).
1
Suppose 20*y - 64*y + 65 = 21*y. Let x(q) = -5*q - 8*q - 13*q + 1. Determine x(y).
-25
Let r = -2925 + 2929. Let t(i) = i**3 - 3*i**2 + i - 1. What is t(r)?
19
Let s(l) be the second derivative of l**3/6 + 9*l**2 + 200*l. What is s(0)?
18
Suppose -42*b + 31*b = 88. Let v(c) = 2*c + 8. Determine v(b).
-8
Let o(r) = -7*r**2 + 8*r - 19. Let y(g) = 1